e -l*p + 37 = -g, 2*g - 5 = -1. What is the greatest common factor of p and t?
13
Suppose 0 = -2*a - 1 + 7. Suppose 3*h - 6*t = -2*t - 2, a*h = -2*t + 28. What is the greatest common divisor of h and 24?
6
Let o = -2 - -7. Let q be 120 - 2/(-4 + 2). Let t = -86 + q. What is the highest common divisor of o and t?
5
Let p(h) = -h + 1. Let v be p(-6). Suppose v - 74 = -5*m - d, 2*d - 4 = 0. Let o = m - 9. What is the highest common factor of o and 4?
4
Suppose -4*z - 157 = 9043. Let u be 4/18 + z/(-18). Suppose -2*s - 30 = -2*i, -i - s = i - 33. What is the highest common factor of u and i?
16
Let s be 1/2*-3*-4. Suppose -3*m - 13 = -s*m - 2*v, m - v = 1. Calculate the greatest common factor of 12 and m.
3
Suppose -3*w - 3*u = u - 164, 0 = -4*w + 2*u + 204. Calculate the highest common divisor of 104 and w.
52
Let u(q) = q**3 - q + 2. Suppose 5*i - 2*n - 2 = 0, -2*i + 6 = 4*n - 14. Let b be u(i). Calculate the highest common factor of b and 4.
4
Let g(n) = -3*n**2 - 4*n - 3. Let x be g(-3). Let m be (-12 + 14)/((-4)/x). What is the highest common divisor of m and 9?
9
Let x = 103 - 71. Calculate the greatest common factor of x and 16.
16
Suppose 5*q = q + 32. Let v = q - 4. Calculate the highest common divisor of 28 and v.
4
Let j(a) = 9*a - 2. Let c be j(3). Calculate the highest common factor of c and 200.
25
Let z(w) = 2*w**2 - 2*w - 8. Let b be z(6). What is the greatest common factor of 130 and b?
26
Let k be ((-18)/(-15))/(10/575). What is the greatest common factor of k and 46?
23
Let w(f) = -2*f + 8. Let h be w(0). Calculate the greatest common divisor of h and 8.
8
Suppose -497 - 475 = -6*d. Let t(w) = 3*w**2 - 2*w - 3. Let g be t(3). What is the greatest common divisor of d and g?
18
Suppose 3*q - 4*s - 386 = 0, q - 3*s - 258 = -q. Suppose -2*k + 7 = 3. Suppose k*c - 36 = x + 3*x, -5*c + 68 = x. What is the greatest common factor of c and q?
14
Suppose 243 = -5*r + 1343. Let j(w) = -w**3 + 4 + 6 - 2*w**2 + 2*w - 14. Let u be j(-4). Calculate the highest common factor of r and u.
20
Let t be (-3)/(-12) - 105/(-12). What is the highest common factor of t and 9?
9
Suppose -2*g = d - 0*d - 3, 0 = 4*d + 3*g - 12. Suppose -d*f + 29 = -16. What is the greatest common divisor of 10 and f?
5
Let t(g) = -9*g - 3. Let b be t(-5). Calculate the highest common divisor of b and 14.
14
Let q be 7 - (2 + -4 - 2). Calculate the greatest common factor of 1 and q.
1
Suppose -4*o - 5*g - 6 = 0, 3*o + 4*g = 6*g + 7. Let m be (6/12)/(1/2). Let n = m + 8. Calculate the greatest common divisor of n and o.
1
Let h = -7 - -10. Let l be ((-4)/h + 2)*15. What is the highest common divisor of 80 and l?
10
Let r(x) = -4*x - 8. Let n be r(-6). Let o = 17 - -127. What is the greatest common factor of n and o?
16
Suppose 442 = 4*r - 646. Let b be 8/(-20) + r/5. Suppose 0 = -0*y + y - 9. What is the highest common divisor of y and b?
9
Let v(l) = -l**2 + 6*l + 6. Let g be v(6). Suppose 4*o = -r - 0*r + 457, 2*r = -4*o + 458. Let z = o - 66. What is the greatest common divisor of z and g?
6
Suppose 3*m - 2*w = 138, 5*m + 2*w = -0*m + 214. What is the greatest common factor of m and 33?
11
Suppose -2*c + 142 = 4*v, 3*c + 4*v = -c + 304. Let r(y) = -y**3 - 5*y**2 - 3*y - 6. Let s be r(-5). Calculate the greatest common divisor of c and s.
9
Suppose -2*w + 20 = 2*w + a, 5*a - 12 = 2*w. Suppose l = -5*o + 89, 2*l + 74 = -0*o + w*o. Calculate the greatest common divisor of 27 and o.
9
Suppose a = 68 - 8. Suppose -c + a = 4*c. Let l = -30 - -42. What is the highest common divisor of c and l?
12
Suppose 30 = 3*r - 66. What is the greatest common divisor of r and 48?
16
Suppose 2*m + 2*m = 8. Let r be m/6 - 11/(-3). Let f be r/14 - (-410)/35. What is the highest common divisor of 60 and f?
12
Suppose 2*j - 3*j = 3*s, -2*s + 26 = 5*j. Suppose 0 = z + 3*u + 17 + 21, 0 = 4*z - 5*u + 186. Let v = j - z. What is the highest common factor of 20 and v?
10
Suppose -4 = -3*a - 1, -2*a = 3*t - 2. Let v = 51 + -47. Suppose -x + 0 + v = t. What is the greatest common divisor of 20 and x?
4
Let y = -5 + 13. What is the greatest common factor of 40 and y?
8
Let s be 12*(208/12 - -3). Suppose -s = -5*m + 141. Calculate the greatest common factor of 7 and m.
7
Let m(l) = -l**3 - 5*l**2 + 3*l + 3. Let k be m(-3). Let b = -13 - k. Suppose -13*i + 9*i + 352 = 0. What is the highest common factor of b and i?
11
Suppose -5*b + 137 = 2*c - 0*c, 0 = 5*c - 4*b - 425. Let s be (3/9)/(3/c). Calculate the highest common factor of 9 and s.
9
Suppose -3*c + b + 47 = -33, 0 = 4*c - 3*b - 100. Calculate the highest common factor of c and 7.
7
Let c be -25*((-24)/(-15) + -2). Suppose 0 = -2*t - t - 33. Let m be (-2)/t + 328/11. What is the greatest common divisor of m and c?
10
Let v = -34 - -86. Suppose v = 3*l + l. What is the greatest common divisor of 26 and l?
13
Let i(u) = -2*u + 48. Let g be i(11). What is the highest common factor of g and 13?
13
Suppose -2*r = -2*y - 14 + 2, -r = 5*y - 12. Let c = 103 - -14. Suppose 0 = -3*t + 1 + 2, -4*i = 5*t - c. What is the highest common divisor of r and i?
7
Let t be ((-8)/10)/((-1)/5). Suppose -3*b + 19 = t. Let v(i) = -i**2 + 7*i - 5. Let k be v(b). Calculate the greatest common factor of k and 40.
5
Let j = 13 + -7. Let m = 4 - -6. Let o be (2 + 3)*4/m. Calculate the greatest common divisor of j and o.
2
Let k = 26 - 1. Suppose k = 5*o + 5. Suppose 0 = v + o*v - 160. Calculate the greatest common divisor of v and 8.
8
Suppose 2*k + 5*i - 30 = i, 2*k = -5*i + 35. Suppose 2 + k = g. Calculate the highest common factor of g and 14.
7
Suppose 3*p = k - 2*k + 445, -5*k + 2243 = -3*p. Calculate the greatest common factor of k and 56.
56
Let r(t) = -9*t + 1. Let p be -1 + 2 + 8/(-4). Let g be r(p). Calculate the highest common divisor of 2 and g.
2
Suppose 68 = w + 67. Calculate the greatest common factor of w and 2.
1
Let w = 37 - 19. Suppose w = b + 2. What is the greatest common factor of b and 2?
2
Let o = 2 + 0. What is the highest common factor of o and 8?
2
Suppose -2*g = 5*u, -3*u - 4*g + 21 = 7. Let j be (0 - u) + -2 - -7. Suppose y + 17 = 3*y + 5*i, y = -5*i - 4. Calculate the greatest common divisor of y and j.
7
Let a be (-351)/(-15) + 2/(-5). Suppose 2*n - a - 3 = 0. Calculate the highest common divisor of 39 and n.
13
Let c = 6 - 11. Let t = -9 - c. Let a be (-63)/(-6)*t/(-3). What is the greatest common factor of 112 and a?
14
Let f = 16 - 6. What is the highest common divisor of 110 and f?
10
Let q = 28 + 44. Calculate the highest common divisor of q and 24.
24
Let h(p) = -p + 1. Let v be h(-2). Let k be -1*(6 - -1) + 0. Let r(f) = f**2 + 5*f - 5. Let g be r(k). What is the greatest common divisor of g and v?
3
Suppose 3 + 3 = -3*m. Let r be (5/m)/(2/(-4)). Suppose -110 = -r*z - 5*t, -2*z - 3*t + 32 = -4*t. Calculate the highest common divisor of 6 and z.
6
Suppose d = 2*p - 2*d - 18, 5*p = -2*d + 83. Let c(k) = k**2 + 9*k - 2. Let m be c(-9). Let l = 1 - m. Calculate the greatest common factor of p and l.
3
Suppose 367 = 2*f + 3*f + 4*j, -4*f = 3*j - 293. Let b be f/2 + (-2)/4. Calculate the greatest common factor of b and 7.
7
Suppose 4*l = 4*x + 308, 4*x - x + 391 = 5*l. Suppose 2*f + 0 = -2. Let w be f/((-1)/(-1))*-10. Calculate the highest common divisor of l and w.
10
Let v = 52 + 8. Let m(n) = -n**3 + 17*n**2 - 14*n - 8. Let w be m(16). Calculate the greatest common divisor of v and w.
12
Let z(v) = 2*v - 4. Let l = -2 + 12. Let s be z(l). What is the highest common factor of s and 24?
8
Suppose 36 = 4*o - 0. What is the greatest common factor of o and 9?
9
Let u(x) = x**3 + 9*x**2 - 9*x + 11. Let t be u(-10). Let z = -2 - -7. Calculate the highest common factor of z and t.
1
Suppose -3*w = 12, 3*j - 3*w = 2*w + 26. Suppose 4*i + 1 = l, 3*l - i - 43 = -2*l. Suppose 5*q - l = 1. What is the greatest common factor of j and q?
2
Suppose 2*l - 10 = 6. Suppose 7 = 5*f - 3. Calculate the greatest common factor of l and f.
2
Let y(t) = -70*t - 59 + 59 - 50*t. Let h be y(-1). Calculate the greatest common divisor of h and 24.
24
Let b = 10 + 55. What is the greatest common factor of b and 10?
5
Suppose 3*h + 9 = 4*h. Let x be 0/(-2) + 4 - 1. Suppose x*k + b - 82 = 112, 3*b - 141 = -2*k. What is the highest common factor of h and k?
9
Let f(c) = c